{"id":3518,"date":"2024-04-18T08:55:47","date_gmt":"2024-04-18T06:55:47","guid":{"rendered":"https:\/\/metsens.fr\/traiteur\/?page_id=3518"},"modified":"2024-04-26T17:12:56","modified_gmt":"2024-04-26T15:12:56","slug":"bistrot","status":"publish","type":"page","link":"https:\/\/metsens.fr\/traiteur\/traiteur\/bistrot\/","title":{"rendered":"bistrot"},"content":{"rendered":"\t\t<div data-elementor-type=\"wp-page\" data-elementor-id=\"3518\" class=\"elementor elementor-3518\" data-elementor-post-type=\"page\">\n\t\t\t\t<div class=\"elementor-element elementor-element-7cf94af e-flex e-con-boxed e-con e-parent\" data-id=\"7cf94af\" data-element_type=\"container\">\n\t\t\t\t\t<div class=\"e-con-inner\">\n\t\t\t\t<div class=\"elementor-element elementor-element-5d558c5 elementor-widget elementor-widget-heading\" data-id=\"5d558c5\" data-element_type=\"widget\" data-widget_type=\"heading.default\">\n\t\t\t\t<div class=\"elementor-widget-container\">\n\t\t\t\t\t<h2 class=\"elementor-heading-title elementor-size-default\">L\u2019esprit Bistrot : Retour aux origines<\/h2>\t\t\t\t<\/div>\n\t\t\t\t<\/div>\n\t\t\t\t\t<\/div>\n\t\t\t\t<\/div>\n\t\t<div class=\"elementor-element elementor-element-aa630a2 e-flex e-con-boxed e-con e-parent\" data-id=\"aa630a2\" data-element_type=\"container\">\n\t\t\t\t\t<div class=\"e-con-inner\">\n\t\t\t\t<div class=\"elementor-element elementor-element-139d7c7 elementor-widget elementor-widget-text-editor\" data-id=\"139d7c7\" data-element_type=\"widget\" data-widget_type=\"text-editor.default\">\n\t\t\t\t<div class=\"elementor-widget-container\">\n\t\t\t\t\t\t\t\t\t<p>Pour garder une <strong>ambiance d\u2019antan conviviale<\/strong> et d\u00e9contract\u00e9e retro chic, Metsens vous propose de d\u00e9guster au sein de votre entreprise une carte s\u00e9lective de plats du terroir, \u00e9labor\u00e9e \u00e0 base de produits de saison r\u00e9gionaux et des prix raisonnables .<\/p><p>Notre menu bistrot disponible en livraison comme en frigo connect\u00e9 vous permettra de revisiter la <strong>cuisine bistroti\u00e8re<\/strong> concoct\u00e9e avec des produits <strong>locaux de saison et Bio<\/strong> pour une qualit\u00e9 optimale !<br \/>V\u00e9ritable retour aux valeurs culinaires simples\u00a0: <strong>place aux souvenirs<\/strong>\u2026 comme, par exemple, l\u2019odeur all\u00e9chante de notre r\u00f4tissoire \u00e9vocatrice de viandes longuement cuisin\u00e9es au go\u00fbt sans pareil \u2026<br \/>Notre d\u00e9marche, promouvoir <strong>l\u2019authenticit\u00e9 des produits du terroir, de saison et r\u00e9gionaux<\/strong>.<\/p><p>Notre volont\u00e9, mettre en avant des produits d\u2019excellence d\u2019aujourd\u2019hui qui s\u2019inscrivent dans <strong>la tradition et la transmission continuelle de savoir-faire !<\/strong><\/p><p>Le tout en profitant des avantages de la technologie du XXIeme si\u00e8cle.<\/p>\t\t\t\t\t\t\t\t<\/div>\n\t\t\t\t<\/div>\n\t\t\t\t\t<\/div>\n\t\t\t\t<\/div>\n\t\t<div class=\"elementor-element elementor-element-97313b8 e-flex e-con-boxed e-con e-parent\" data-id=\"97313b8\" data-element_type=\"container\">\n\t\t\t\t\t<div class=\"e-con-inner\">\n\t\t<div class=\"elementor-element elementor-element-5a8b56d e-con-full e-flex e-con e-child\" data-id=\"5a8b56d\" data-element_type=\"container\">\n\t\t\t\t<div class=\"elementor-element elementor-element-2392daf elementor-widget elementor-widget-heading\" data-id=\"2392daf\" data-element_type=\"widget\" data-widget_type=\"heading.default\">\n\t\t\t\t<div class=\"elementor-widget-container\">\n\t\t\t\t\t<h2 class=\"elementor-heading-title elementor-size-default\">Nos engagements envers la plan\u00e8te<\/h2>\t\t\t\t<\/div>\n\t\t\t\t<\/div>\n\t\t\t\t<div class=\"elementor-element elementor-element-979a785 elementor-widget elementor-widget-text-editor\" data-id=\"979a785\" data-element_type=\"widget\" data-widget_type=\"text-editor.default\">\n\t\t\t\t<div class=\"elementor-widget-container\">\n\t\t\t\t\t\t\t\t\t<div class=\"wpb_column vc_column_container vc_col-sm-6\"><div class=\"vc_column-inner\"><div class=\"wpb_wrapper\"><div class=\"wpb_text_column wpb_content_element vc_custom_1535133108207\"><div class=\"wpb_wrapper\"><p><strong>Dans votre assiette\u00a0et votre verre :<\/strong><\/p><div class=\"mkdf-icon-list-holder \"><p class=\"mkdf-il-text\">-Circuit court : 45% des aliments (fruits, l\u00e9gumes, viandes et poissons) \u00e0 moins de 250 km<\/p><\/div><div class=\"mkdf-icon-list-holder \"><p class=\"mkdf-il-text\">-Utilisation de produits de saison<\/p><\/div><div class=\"mkdf-icon-list-holder \"><p class=\"mkdf-il-text\">-Boissons non alcoolis\u00e9es et vin Bio<\/p><\/div><p><strong>Dans nos locaux :<\/strong><\/p><div class=\"mkdf-icon-list-holder \"><p class=\"mkdf-il-text\">-Limitation, tri et valorisation des d\u00e9chets<\/p><\/div><p>-Eau microfiltr\u00e9e sur place pour limiter les emballages<\/p><div class=\"mkdf-icon-list-holder \"><p class=\"mkdf-il-text\">-Utilisation de vehicules \u00e9cologiques pour les livraisons<\/p><\/div><\/div><\/div><\/div><\/div><\/div>\t\t\t\t\t\t\t\t<\/div>\n\t\t\t\t<\/div>\n\t\t\t\t<div class=\"elementor-element elementor-element-390ff18 elementor-align-center elementor-widget elementor-widget-button\" data-id=\"390ff18\" data-element_type=\"widget\" data-widget_type=\"button.default\">\n\t\t\t\t<div class=\"elementor-widget-container\">\n\t\t\t\t\t\t\t\t\t<div class=\"elementor-button-wrapper\">\n\t\t\t\t\t<a class=\"elementor-button elementor-button-link elementor-size-sm\" href=\"https:\/\/causi-cantine.fr\/\">\n\t\t\t\t\t\t<span class=\"elementor-button-content-wrapper\">\n\t\t\t\t\t\t\t\t\t<span class=\"elementor-button-text\">En savoir plus sur notre cantine connect\u00e9e &gt;<\/span>\n\t\t\t\t\t<\/span>\n\t\t\t\t\t<\/a>\n\t\t\t\t<\/div>\n\t\t\t\t\t\t\t\t<\/div>\n\t\t\t\t<\/div>\n\t\t\t\t<\/div>\n\t\t\t\t<div class=\"elementor-element elementor-element-d67d096 elementor-widget elementor-widget-image\" data-id=\"d67d096\" data-element_type=\"widget\" data-widget_type=\"image.default\">\n\t\t\t\t<div class=\"elementor-widget-container\">\n\t\t\t\t\t\t\t\t\t\t\t\t\t\t\t<img fetchpriority=\"high\" decoding=\"async\" width=\"751\" height=\"1024\" src=\"https:\/\/metsens.fr\/traiteur\/wp-content\/uploads\/2024\/01\/K3A9067-2-scaled-e1704722528332-751x1024.webp\" class=\"attachment-large size-large wp-image-1644\" alt=\"bistrot metsens\" srcset=\"https:\/\/metsens.fr\/traiteur\/wp-content\/uploads\/2024\/01\/K3A9067-2-scaled-e1704722528332-751x1024.webp 751w, https:\/\/metsens.fr\/traiteur\/wp-content\/uploads\/2024\/01\/K3A9067-2-scaled-e1704722528332-220x300.webp 220w, https:\/\/metsens.fr\/traiteur\/wp-content\/uploads\/2024\/01\/K3A9067-2-scaled-e1704722528332-768x1047.webp 768w, https:\/\/metsens.fr\/traiteur\/wp-content\/uploads\/2024\/01\/K3A9067-2-scaled-e1704722528332-1127x1536.webp 1127w, https:\/\/metsens.fr\/traiteur\/wp-content\/uploads\/2024\/01\/K3A9067-2-scaled-e1704722528332.webp 1409w\" sizes=\"(max-width: 751px) 100vw, 751px\" \/>\t\t\t\t\t\t\t\t\t\t\t\t\t\t\t<\/div>\n\t\t\t\t<\/div>\n\t\t\t\t\t<\/div>\n\t\t\t\t<\/div>\n\t\t\t\t<\/div>\n\t\t","protected":false},"excerpt":{"rendered":"<p>\/*! elementor &#8211; v3.21.0 &#8211; 15-04-2024 *\/ .elementor-heading-title{padding:0;margin:0;line-height:1}.elementor-widget-heading .elementor-heading-title[class*=elementor-size-]&gt;a{color:inherit;font-size:inherit;line-height:inherit}.elementor-widget-heading .elementor-heading-title.elementor-size-small{font-size:15px}.elementor-widget-heading .elementor-heading-title.elementor-size-medium{font-size:19px}.elementor-widget-heading .elementor-heading-title.elementor-size-large{font-size:29px}.elementor-widget-heading .elementor-heading-title.elementor-size-xl{font-size:39px}.elementor-widget-heading .elementor-heading-title.elementor-size-xxl{font-size:59px} L\u2019esprit Bistrot : Retour aux origines Pour garder une ambiance d\u2019antan conviviale et d\u00e9contract\u00e9e retro chic, Metsens vous propose de d\u00e9guster au sein de votre entreprise une carte s\u00e9lective de plats du terroir, \u00e9labor\u00e9e \u00e0 base de produits de saison r\u00e9gionaux [&hellip;]<\/p>\n","protected":false},"author":1,"featured_media":0,"parent":142,"menu_order":5,"comment_status":"closed","ping_status":"closed","template":"","meta":{"om_disable_all_campaigns":false,"_monsterinsights_skip_tracking":false,"_monsterinsights_sitenote_active":false,"_monsterinsights_sitenote_note":"","_monsterinsights_sitenote_category":0,"_uf_show_specific_survey":0,"_uf_disable_surveys":false,"footnotes":""},"class_list":["post-3518","page","type-page","status-publish","hentry"],"aioseo_notices":[],"jetpack_sharing_enabled":true,"_links":{"self":[{"href":"https:\/\/metsens.fr\/traiteur\/wp-json\/wp\/v2\/pages\/3518","targetHints":{"allow":["GET"]}}],"collection":[{"href":"https:\/\/metsens.fr\/traiteur\/wp-json\/wp\/v2\/pages"}],"about":[{"href":"https:\/\/metsens.fr\/traiteur\/wp-json\/wp\/v2\/types\/page"}],"author":[{"embeddable":true,"href":"https:\/\/metsens.fr\/traiteur\/wp-json\/wp\/v2\/users\/1"}],"replies":[{"embeddable":true,"href":"https:\/\/metsens.fr\/traiteur\/wp-json\/wp\/v2\/comments?post=3518"}],"version-history":[{"count":24,"href":"https:\/\/metsens.fr\/traiteur\/wp-json\/wp\/v2\/pages\/3518\/revisions"}],"predecessor-version":[{"id":3735,"href":"https:\/\/metsens.fr\/traiteur\/wp-json\/wp\/v2\/pages\/3518\/revisions\/3735"}],"up":[{"embeddable":true,"href":"https:\/\/metsens.fr\/traiteur\/wp-json\/wp\/v2\/pages\/142"}],"wp:attachment":[{"href":"https:\/\/metsens.fr\/traiteur\/wp-json\/wp\/v2\/media?parent=3518"}],"curies":[{"name":"wp","href":"https:\/\/api.w.org\/{rel}","templated":true}]}}