{"id":144,"date":"2024-01-02T11:22:11","date_gmt":"2024-01-02T10:22:11","guid":{"rendered":"https:\/\/metsens.fr\/traiteur\/?page_id=144"},"modified":"2026-04-20T15:58:33","modified_gmt":"2026-04-20T13:58:33","slug":"coffrets-repas","status":"publish","type":"page","link":"https:\/\/metsens.fr\/traiteur\/traiteur\/coffrets-repas\/","title":{"rendered":"Livraison plateaux repas"},"content":{"rendered":"\t\t<div data-elementor-type=\"wp-page\" data-elementor-id=\"144\" class=\"elementor elementor-144\" data-elementor-post-type=\"page\">\n\t\t\t\t<div class=\"elementor-element elementor-element-85f0a32 e-flex e-con-boxed e-con e-parent\" data-id=\"85f0a32\" data-element_type=\"container\">\n\t\t\t\t\t<div class=\"e-con-inner\">\n\t\t\t\t<div class=\"elementor-element elementor-element-5b05c0d elementor-widget elementor-widget-heading\" data-id=\"5b05c0d\" data-element_type=\"widget\" data-widget_type=\"heading.default\">\n\t\t\t\t<div class=\"elementor-widget-container\">\n\t\t\t\t\t<h1 class=\"elementor-heading-title elementor-size-default\">Livraison plateaux repas Aix Marseille <\/h1>\t\t\t\t<\/div>\n\t\t\t\t<\/div>\n\t\t\t\t\t<\/div>\n\t\t\t\t<\/div>\n\t\t<div class=\"elementor-element elementor-element-62f72524 e-con-full e-flex e-con e-parent\" data-id=\"62f72524\" data-element_type=\"container\" data-settings=\"{&quot;background_background&quot;:&quot;gradient&quot;}\">\n\t\t<div class=\"elementor-element elementor-element-5383cf81 e-con-full e-flex e-con e-child\" data-id=\"5383cf81\" data-element_type=\"container\">\n\t\t\t\t<div class=\"elementor-element elementor-element-53ce9641 elementor-widget elementor-widget-heading\" data-id=\"53ce9641\" data-element_type=\"widget\" data-widget_type=\"heading.default\">\n\t\t\t\t<div class=\"elementor-widget-container\">\n\t\t\t\t\t<h2 class=\"elementor-heading-title elementor-size-default\">Les coffrets de nos artistes<\/h2>\t\t\t\t<\/div>\n\t\t\t\t<\/div>\n\t\t\t\t<div class=\"elementor-element elementor-element-129506f4 elementor-widget elementor-widget-text-editor\" data-id=\"129506f4\" data-element_type=\"widget\" data-widget_type=\"text-editor.default\">\n\t\t\t\t<div class=\"elementor-widget-container\">\n\t\t\t\t\t\t\t\t\t<h3>Les gourmets \u00e9co-responsables ont trouv\u00e9 leur plateau repas.<\/h3><p>Afin d\u2019allier convivialit\u00e9, gourmandise et simplicit\u00e9, nous vous proposons une collection de coffrets de restauration et vous offrons sur un plateau repas une cuisine fra\u00eeche, saine et \u00e9quilibr\u00e9e.<\/p><p>Respectueux de l\u2019environnement, les coffrets sont livr\u00e9s dans leur emballage en carton recycl\u00e9, avec couverts en bambou, assiette en fibre de canne ou bocal verre recyclable , verre, pain, sel et poivre<br \/><br \/>si besoin nous pouvons aussi vous proposer des solutions de <a href=\"https:\/\/metsens.fr\/traiteur\/portage-de-repas-marseille\/\">portage de repas<\/a> pour les s\u00e9niors et personnes \u00e0 mobilit\u00e9 r\u00e9duite<\/p>\t\t\t\t\t\t\t\t<\/div>\n\t\t\t\t<\/div>\n\t\t\t\t<div class=\"elementor-element elementor-element-25b2289c elementor-align-left elementor-mobile-align-center elementor-tablet-align-center elementor-widget__width-inherit elementor-invisible elementor-widget elementor-widget-button\" data-id=\"25b2289c\" data-element_type=\"widget\" data-settings=\"{&quot;_animation&quot;:&quot;fadeInUp&quot;}\" data-widget_type=\"button.default\">\n\t\t\t\t<div class=\"elementor-widget-container\">\n\t\t\t\t\t\t\t\t\t<div class=\"elementor-button-wrapper\">\n\t\t\t\t\t<a class=\"elementor-button elementor-button-link elementor-size-sm elementor-animation-grow\" href=\"https:\/\/metsens.fr\/traiteur\/wp-content\/uploads\/2026\/04\/Carte-Coffrets-Printemps-Ete-2026-AMU.pdf\" target=\"_blank\">\n\t\t\t\t\t\t<span class=\"elementor-button-content-wrapper\">\n\t\t\t\t\t\t\t\t\t<span class=\"elementor-button-text\">Notre carte<\/span>\n\t\t\t\t\t<\/span>\n\t\t\t\t\t<\/a>\n\t\t\t\t<\/div>\n\t\t\t\t\t\t\t\t<\/div>\n\t\t\t\t<\/div>\n\t\t\t\t<\/div>\n\t\t\t\t<div class=\"elementor-element elementor-element-3d386358 elementor-widget__width-initial elementor-widget-tablet__width-inherit elementor-widget elementor-widget-image\" data-id=\"3d386358\" data-element_type=\"widget\" data-widget_type=\"image.default\">\n\t\t\t\t<div class=\"elementor-widget-container\">\n\t\t\t\t\t\t\t\t\t\t\t\t\t\t\t\t<a href=\"https:\/\/metsens.fr\/traiteur\/traiteur\/portage-de-repas-marseille\/\">\n\t\t\t\t\t\t\t<img fetchpriority=\"high\" decoding=\"async\" width=\"768\" height=\"1024\" src=\"https:\/\/metsens.fr\/traiteur\/wp-content\/uploads\/2024\/01\/IMG_7704-768x1024.webp\" class=\"attachment-large size-large wp-image-753\" alt=\"Livraison plateaux repas\" srcset=\"https:\/\/metsens.fr\/traiteur\/wp-content\/uploads\/2024\/01\/IMG_7704-768x1024.webp 768w, https:\/\/metsens.fr\/traiteur\/wp-content\/uploads\/2024\/01\/IMG_7704-225x300.webp 225w, https:\/\/metsens.fr\/traiteur\/wp-content\/uploads\/2024\/01\/IMG_7704-1152x1536.webp 1152w, https:\/\/metsens.fr\/traiteur\/wp-content\/uploads\/2024\/01\/IMG_7704-scaled.webp 1440w\" sizes=\"(max-width: 768px) 100vw, 768px\" \/>\t\t\t\t\t\t\t\t<\/a>\n\t\t\t\t\t\t\t\t\t\t\t\t\t\t\t<\/div>\n\t\t\t\t<\/div>\n\t\t\t\t<\/div>\n\t\t<div class=\"elementor-element elementor-element-1f9f021 e-flex e-con-boxed e-con e-parent\" data-id=\"1f9f021\" data-element_type=\"container\">\n\t\t\t\t\t<div class=\"e-con-inner\">\n\t\t\t\t<div class=\"elementor-element elementor-element-4c4c3b7 elementor-widget elementor-widget-text-editor\" data-id=\"4c4c3b7\" data-element_type=\"widget\" data-widget_type=\"text-editor.default\">\n\t\t\t\t<div class=\"elementor-widget-container\">\n\t\t\t\t\t\t\t\t\t<h4>Livraison<\/h4><h6>\u00a0<\/h6><h6>Du lundi au vendredi de 8h \u00e0 18h00, passer votre commande la veille avant 16h30, soit par t\u00e9l\u00e9phone au 04 96 21 84 14 <br \/>soit par e-mail \u00e0 contact@metsens.fr<\/h6><p>Tarif en TTC hors frais de livraison. Pour les frais de livraison, merci de nous contacter<\/p><p>Viandes et poissons : origine France<\/p>\t\t\t\t\t\t\t\t<\/div>\n\t\t\t\t<\/div>\n\t\t\t\t<div class=\"elementor-element elementor-element-7a14d03 elementor-widget elementor-widget-spacer\" data-id=\"7a14d03\" data-element_type=\"widget\" data-widget_type=\"spacer.default\">\n\t\t\t\t<div class=\"elementor-widget-container\">\n\t\t\t\t\t\t\t<div class=\"elementor-spacer\">\n\t\t\t<div class=\"elementor-spacer-inner\"><\/div>\n\t\t<\/div>\n\t\t\t\t\t\t<\/div>\n\t\t\t\t<\/div>\n\t\t\t\t\t<\/div>\n\t\t\t\t<\/div>\n\t\t<div class=\"elementor-element elementor-element-e4bee55 e-con-full e-flex e-con e-parent\" data-id=\"e4bee55\" data-element_type=\"container\">\n\t\t\t\t<div class=\"elementor-element elementor-element-8dc866b elementor-widget__width-inherit elementor-cta--skin-cover elementor-animated-content elementor-bg-transform elementor-bg-transform-zoom-in elementor-widget elementor-widget-call-to-action\" data-id=\"8dc866b\" data-element_type=\"widget\" data-widget_type=\"call-to-action.default\">\n\t\t\t\t<div class=\"elementor-widget-container\">\n\t\t\t\t\t\t\t<div class=\"elementor-cta\">\n\t\t\t\t\t<div class=\"elementor-cta__bg-wrapper\">\n\t\t\t\t<div class=\"elementor-cta__bg elementor-bg\" style=\"background-image: url(https:\/\/metsens.fr\/traiteur\/wp-content\/uploads\/2024\/01\/MS-8612-1-scaled-e1704200181448-1024x463.webp);\" role=\"img\" aria-label=\"MS-8612\"><\/div>\n\t\t\t\t<div class=\"elementor-cta__bg-overlay\"><\/div>\n\t\t\t<\/div>\n\t\t\t\t\t\t\t<div class=\"elementor-cta__content\">\n\t\t\t\t\n\t\t\t\t\t\t\t\t\t<h2 class=\"elementor-cta__title elementor-cta__content-item elementor-content-item elementor-animated-item--grow\">\n\t\t\t\t\t\tContactez-nous !\t\t\t\t\t<\/h2>\n\t\t\t\t\n\t\t\t\t\t\t\t\t\t<div class=\"elementor-cta__description elementor-cta__content-item elementor-content-item elementor-animated-item--grow\">\n\t\t\t\t\t\tBesoin d'aide ou de conseils suppl\u00e9mentaires ? \nContactez-nous en un seul clic !\t\t\t\t\t<\/div>\n\t\t\t\t\n\t\t\t\t\t\t\t\t\t<div class=\"elementor-cta__button-wrapper elementor-cta__content-item elementor-content-item elementor-animated-item--grow\">\n\t\t\t\t\t<a class=\"elementor-cta__button elementor-button elementor-size-\" href=\"https:\/\/metsens.fr\/traiteur\/contact\/\">\n\t\t\t\t\t\tDemander un devis\t\t\t\t\t<\/a>\n\t\t\t\t\t<\/div>\n\t\t\t\t\t\t\t<\/div>\n\t\t\t\t\t\t<\/div>\n\t\t\t\t\t\t<\/div>\n\t\t\t\t<\/div>\n\t\t\t\t<\/div>\n\t\t\t\t<\/div>\n\t\t","protected":false},"excerpt":{"rendered":"<p>Les gourmets \u00e9co-responsables ont trouv\u00e9 leur plateau repas.<\/p>\n<p>Afin d\u2019allier convivialit\u00e9, gourmandise et simplicit\u00e9, nous vous proposons une collection de coffrets de restauration<\/p>\n","protected":false},"author":2,"featured_media":753,"parent":142,"menu_order":0,"comment_status":"closed","ping_status":"closed","template":"","meta":{"om_disable_all_campaigns":false,"_monsterinsights_skip_tracking":false,"_monsterinsights_sitenote_active":false,"_monsterinsights_sitenote_note":"","_monsterinsights_sitenote_category":0,"_uf_show_specific_survey":0,"_uf_disable_surveys":false,"footnotes":""},"class_list":["post-144","page","type-page","status-publish","has-post-thumbnail","hentry"],"aioseo_notices":[],"jetpack_sharing_enabled":true,"_links":{"self":[{"href":"https:\/\/metsens.fr\/traiteur\/wp-json\/wp\/v2\/pages\/144","targetHints":{"allow":["GET"]}}],"collection":[{"href":"https:\/\/metsens.fr\/traiteur\/wp-json\/wp\/v2\/pages"}],"about":[{"href":"https:\/\/metsens.fr\/traiteur\/wp-json\/wp\/v2\/types\/page"}],"author":[{"embeddable":true,"href":"https:\/\/metsens.fr\/traiteur\/wp-json\/wp\/v2\/users\/2"}],"replies":[{"embeddable":true,"href":"https:\/\/metsens.fr\/traiteur\/wp-json\/wp\/v2\/comments?post=144"}],"version-history":[{"count":78,"href":"https:\/\/metsens.fr\/traiteur\/wp-json\/wp\/v2\/pages\/144\/revisions"}],"predecessor-version":[{"id":4915,"href":"https:\/\/metsens.fr\/traiteur\/wp-json\/wp\/v2\/pages\/144\/revisions\/4915"}],"up":[{"embeddable":true,"href":"https:\/\/metsens.fr\/traiteur\/wp-json\/wp\/v2\/pages\/142"}],"wp:featuredmedia":[{"embeddable":true,"href":"https:\/\/metsens.fr\/traiteur\/wp-json\/wp\/v2\/media\/753"}],"wp:attachment":[{"href":"https:\/\/metsens.fr\/traiteur\/wp-json\/wp\/v2\/media?parent=144"}],"curies":[{"name":"wp","href":"https:\/\/api.w.org\/{rel}","templated":true}]}}